 prime factors of 521780?
2, 5, 7, 3727
What are the prime factors of 349383?
3, 116461
List the prime factors of 125449.
331, 379
What are the prime factors of 1814740?
2, 5, 31, 2927
What are the prime factors of 2946087?
3, 327343
What are the prime factors of 67507?
11, 17, 19
List the prime factors of 497295.
3, 5, 43, 257
What are the prime factors of 89746?
2, 23, 1951
List the prime factors of 18739969.
1721, 10889
What are the prime factors of 435249?
3, 137, 353
What are the prime factors of 38993?
38993
What are the prime factors of 195238?
2, 31, 47, 67
What are the prime factors of 83520?
2, 3, 5, 29
List the prime factors of 15571807.
15571807
List the prime factors of 164213.
7, 23459
List the prime factors of 5842220.
2, 5, 17, 17183
What are the prime factors of 7562082?
2, 3, 11, 114577
What are the prime factors of 2640445?
5, 359, 1471
List the prime factors of 2061092.
2, 11, 139, 337
What are the prime factors of 23590089?
3, 873707
What are the prime factors of 2441722?
2, 173, 7057
What are the prime factors of 2639596?
2, 659899
What are the prime factors of 8882621?
11, 807511
List the prime factors of 2603494.
2, 19, 131, 523
List the prime factors of 1036518.
2, 3, 7, 23, 29, 37
List the prime factors of 123951.
3, 79, 523
What are the prime factors of 4203?
3, 467
List the prime factors of 1927079.
7, 11, 29, 863
What are the prime factors of 24082474?
2, 13, 31, 29879
List the prime factors of 6369690.
2, 3, 5, 67, 3169
What are the prime factors of 16077?
3, 23, 233
What are the prime factors of 5880056?
2, 7, 13, 41, 197
What are the prime factors of 228043?
457, 499
What are the prime factors of 2052690?
2, 3, 5, 53, 1291
What are the prime factors of 70671?
3, 23557
What are the prime factors of 736616?
2, 92077
List the prime factors of 746834.
2, 11, 83, 409
List the prime factors of 3507319.
373, 9403
What are the prime factors of 1722676?
2, 269, 1601
List the prime factors of 864693.
3, 29, 3313
List the prime factors of 6295380.
2, 3, 5, 7, 13, 1153
List the prime factors of 16861326.
2, 3, 2810221
List the prime factors of 177684.
2, 3, 13, 17, 67
List the prime factors of 132781.
11, 12071
List the prime factors of 11224169.
11, 1020379
List the prime factors of 1104453.
3, 7, 47, 373
What are the prime factors of 97986?
2, 3, 7, 2333
What are the prime factors of 456880?
2, 5, 5711
What are the prime factors of 704958?
2, 3, 293, 401
What are the prime factors of 48361?
137, 353
What are the prime factors of 174658?
2, 11, 17, 467
What are the prime factors of 156942?
2, 3, 8719
List the prime factors of 569853.
3, 63317
What are the prime factors of 718593?
3, 239531
What are the prime factors of 201750?
2, 3, 5, 269
List the prime factors of 244717.
11, 22247
What are the prime factors of 86181?
3, 23, 1249
What are the prime factors of 450379?
79, 5701
List the prime factors of 149466.
2, 3, 29, 859
What are the prime factors of 2868956?
2, 239, 3001
What are the prime factors of 4384567?
11, 199, 2003
List the prime factors of 174480.
2, 3, 5, 727
List the prime factors of 10299580.
2, 5, 47, 10957
List the prime factors of 20700729.
3, 7, 457, 719
What are the prime factors of 140275?
5, 31, 181
What are the prime factors of 377981?
377981
What are the prime factors of 14442455?
5, 41, 70451
What are the prime factors of 987661?
191, 5171
List the prime factors of 1432066.
2, 716033
List the prime factors of 989769.
3, 11, 89, 337
What are the prime factors of 135659?
293, 463
List the prime factors of 271159.
7, 38737
What are the prime factors of 4056260?
2, 5, 13, 15601
List the prime factors of 10071083.
11, 19, 48187
List the prime factors of 531281.
531281
What are the prime factors of 297845?
5, 71, 839
List the prime factors of 1637553.
3, 19, 28729
List the prime factors of 2444933.
2444933
List the prime factors of 2313044.
2, 83, 6967
List the prime factors of 1364978.
2, 682489
What are the prime factors of 184164?
2, 3, 103, 149
List the prime factors of 140324.
2, 35081
List the prime factors of 323493.
3, 17, 6343
What are the prime factors of 5736698?
2, 11, 107, 2437
List the prime factors of 2532100.
2, 5, 25321
What are the prime factors of 151443?
3, 71, 79
What are the prime factors of 465360?
2, 3, 5, 7, 277
What are the prime factors of 1653356?
2, 103, 4013
List the prime factors of 8835173.
467, 18919
What are the prime factors of 3124895?
5, 23, 29, 937
What are the prime factors of 17454943?
11, 1586813
What are the prime factors of 529643?
47, 59, 191
What are the prime factors of 202777?
202777
List the prime factors of 9069.
3, 3023
What are the prime factors of 198005?
5, 199
What are the prime factors of 2404502?
2, 1202251
List the prime factors of 753117.
3, 17, 14767
List the prime factors of 869228.
2, 217307
What are the prime factors of 167051?
167051
What are the prime factors of 122275?
5, 67, 73
What are the prime factors of 875243?
875243
What are the prime factors of 30291888?
2, 3, 11, 103, 557
List the prime factors of 530899.
521, 1019
List the prime factors of 9528686.
2, 47, 167, 607
List the prime factors of 13188391.
37, 356443
What are the prime factors of 2978470?
2, 5, 11, 27077
What are the prime factors of 1115179?
13, 109, 787
What are the prime factors of 146142?
2, 3, 23, 353
List the prime factors of 708624.
2, 3, 7, 19, 37
List the prime factors of 453599.
453599
List the prime factors of 22487.
113, 199
List the prime factors of 869028.
2, 3, 139, 521
What are the prime factors of 331808?
2, 10369
List the prime factors of 668467.
401, 1667
What are the prime factors of 318962?
2, 7, 22783
List the prime factors of 1642739.
7, 109, 2153
List the prime factors of 5441010.
2, 3, 5, 293, 619
What are the prime factors of 40383?
3, 7, 641
What are the prime factors of 777514?
2, 388757
List the prime factors of 10007699.
13, 19, 31, 1307
List the prime factors of 1045439.
173, 6043
What are the prime factors of 293737?
83, 3539
What are the prime factors of 68756?
2, 17189
List the prime factors of 74096.
2, 11, 421
What are the prime factors of 2409823?
13, 185371
What are the prime factors of 525824?
2, 13, 79
What are the prime factors of 209803?
11, 19073
List the prime factors of 5593651.
7, 799093
What are the prime factors of 32182321?
1789, 17989
List the prime factors of 10171847.
7, 1063, 1367
What are the prime factors of 63098?
2, 7, 4507
What are the prime factors of 342578?
2, 103, 1663
List the prime factors of 1747324.
2, 436831
List the prime factors of 890024.
2, 111253
List the prime factors of 1671608.
2, 223, 937
What are the prime factors of 9460215?
3, 5, 43, 4889
What are the prime factors of 1427812?
2, 19, 18787
What are the prime factors of 1333978?
2, 666989
List the prime factors of 104322.
2, 3, 17387
List the prime factors of 32170499.
32170499
What are the prime factors of 552852?
2, 3, 5119
What are the prime factors of 1697190?
2, 3, 5, 11, 37, 139
What are the prime factors of 1303821?
3, 317, 457
What are the prime factors of 78667?
97, 811
What are the prime factors of 954473?
13, 73421
List the prime factors of 6610003.
43, 347, 443
What are the prime factors of 3566135?
5, 713227
List the prime factors of 297909.
3, 79, 419
List the prime factors of 6266794.
2, 3133397
List the prime factors of 131926.
2, 65963
What are the prime factors of 10608100?
2, 5, 43, 2467
What are the prime factors of 1410029?
223, 6323
List the prime factors of 227715.
3, 5, 17, 19, 47
List the prime factors of 621008.
2, 37, 1049
List the prime factors of 357622.
2, 163, 1097
What are the prime factors of 217055?
5, 43411
What are the prime factors of 1075535?
5, 251, 857
List the prime factors of 51055.
5, 10211
List the prime factors of 346173.
3, 23, 29, 173
List the prime factors of 185062.
2, 17, 5443
List the prime factors of 2910993.
3, 31, 113, 277
List the prime factors of 5144219.
43, 119633
List the prime factors of 2871736.
2, 7, 19, 2699
What are the prime factors of 4752335?
5, 7, 135781
What are the prime factors of 792986?
2, 53, 7481
List the prime factors of 22615501.
2917, 7753
List the prime factors of 440112.
2, 3, 53, 173
List the prime factors of 27584.
2, 431
List the prime factors of 164053.
29